{"id":311,"date":"2016-08-26T11:20:50","date_gmt":"2016-08-26T09:20:50","guid":{"rendered":"http:\/\/www.koki-passau.de\/?page_id=311"},"modified":"2026-02-03T08:35:37","modified_gmt":"2026-02-03T07:35:37","slug":"datenschutz","status":"publish","type":"page","link":"https:\/\/www.koki-passau.de\/index.php\/datenschutz\/","title":{"rendered":"Datenschutz"},"content":{"rendered":"<h1>Datenschutzerkl\u00e4rung<\/h1>\n<p>Dem Landratsamt Passau ist Datenschutz ein wichtiges Anliegen. Wir legen deshalb auch bei der mit unserer Aufgabenerf\u00fcllung verbundenen Verarbeitung personenbezogener Daten Wert auf eine datensparsame und b\u00fcrgerfreundliche Datenverarbeitung.<br \/>\nDiese Datenschutzerkl\u00e4rung bezieht sich auch auf die Verarbeitung personenbezogener Daten und Informationen im Sinnes des \u00a7\u00a025 TDDDG im Rahmen dieses Internetauftritts, einschlie\u00dflich der dort angebotenen Dienste.<\/p>\n<h3>Name und Kontaktdaten des Verantwortlichen<\/h3>\n<p>Landratsamt Passau<br \/>\nPassauer Stra\u00dfe 39<br \/>\n94121 Salzweg<\/p>\n<p>0851\/ 397-3525\u2028<br \/>\n0851\/ 397-3553\u2028<br \/>\n<a href=\"mailto:koki@landkreis-passau.de\">koki@landkreis-passau.de<\/a><\/p>\n<h3>Kontaktdaten des Datenschutzbeauftragten<\/h3>\n<p>Sie erreichen unseren beh\u00f6rdlichen Datenschutzbeauftragten unter:<\/p>\n<p>Beh\u00f6rdlicher Datenschutzbeauftragter des Landkreis Passau<br \/>\n\u2028Anschrift: Domplatz 11, 94032\u00a0Passau\u2028<br \/>\nTelefon: +49 851\/397-1771\u2028<br \/>\nE-Mail: <a href=\"mailto:datenschutz@landkreis-passau.de\">datenschutz@landkreis-passau.de<\/a><\/p>\n<h3>Zwecke und Rechtsgrundlagen f\u00fcr die Verarbeitung personenbezogener Daten<\/h3>\n<p>Zweck der Verarbeitung ist die Erf\u00fcllung der uns vom Gesetzgeber zugewiesenen \u00f6ffentlichen Aufgaben.<br \/>\nDie Rechtsgrundlage f\u00fcr die Verarbeitung Ihrer Daten ergibt sich, soweit nichts anderes angegeben ist, aus Art.\u00a04 Abs. 1 des Bayerischen Datenschutzgesetzes (BayDSG) in Verbindung mit Art.\u00a06 Abs. 1 Unterabsatz 1 Buchstabe e der Datenschutzgrundverordnung (DSGVO). Demnach ist es uns erlaubt, die zur Erf\u00fcllung einer uns obliegenden Aufgabe erforderlichen Daten zu verarbeiten.<br \/>\nSoweit Sie in eine Verarbeitung eingewilligt haben, st\u00fctzt sich die Datenverarbeitung auf Art.\u00a06 Abs. 1 Unterabsatz 1 Buchstabe a DSGVO.<\/p>\n<h3>Empf\u00e4nger von personenbezogenen Daten<\/h3>\n<p>Soweit Ihre Daten elektronisch verarbeitet werden, erfolgt der technische Betrieb \u00fcberwiegend durch eigene Datenverarbeitungssysteme. Werden Auftragsverarbeiter (f\u00fcr externe Verarbeitungen) eingesetzt, werden Sie auf den zugeh\u00f6rigen Formularen darauf hingewiesen, gleiches gilt bez\u00fcglich der Weitergabe Ihrer Daten.<\/p>\n<p>Gegebenenfalls werden Ihre Daten an die zust\u00e4ndigen Aufsichts- und Rechnungspr\u00fcfungsbeh\u00f6rden zur Wahrnehmung der jeweiligen Kontrollrechte \u00fcbermittelt.<br \/>\nZur Abwehr von Gefahren f\u00fcr die Sicherheit in der Informationstechnik kann das Landesamt f\u00fcr Sicherheit in der Informationstechnik auf Grundlage von Art. 44 BayDiG Protokolldaten erheben und automatisiert auswerten (n\u00e4heres siehe unter \u201eProtokollierung\u201c).<\/p>\n<h3>Dauer der Speicherung der personenbezogenen Daten<\/h3>\n<p>Wir speichern Ihre Daten solange dies f\u00fcr die Erf\u00fcllung der Aufgabe, zu Dokumentationspflichten bzw. aufgrund gesetzlicher Aufbewahrungsfristen erforderlich ist. <\/p>\n<h3>Rechte der betroffenen Person<\/h3>\n<p>Soweit wir von Ihnen personenbezogene Daten verarbeiten, stehen Ihnen als betroffene Person nachfolgende Rechte zu:<br \/>\n&#8211; Sie k\u00f6nnen Auskunft dazu verlangen, ob wir personenbezogene Daten von Ihnen verarbeiten. Ist dies der Fall, so haben Sie ein Recht auf Auskunft \u00fcber diese Daten sowie auf weitere mit der Verarbeitung zusammenh\u00e4ngende Informationen (Art.\u00a015 Datenschutz-Grundverordnung &#8211; DSGVO). Bitte beachten Sie, dass dieses Auskunftsrecht in bestimmten F\u00e4llen eingeschr\u00e4nkt oder ausgeschlossen sein kann (vgl. insbesondere Art.\u00a010 des Bayerischen Datenschutzgesetzes &#8211; BayDSG). F\u00fcr den Fall, dass personenbezogene Daten \u00fcber Sie nicht (mehr) zutreffend oder unvollst\u00e4ndig sind, k\u00f6nnen Sie eine Berichtigung und gegebenenfalls Vervollst\u00e4ndigung dieser Daten verlangen (Art.\u00a016 DSGVO).<br \/>\n&#8211; Bei Vorliegen der gesetzlichen Voraussetzungen k\u00f6nnen Sie die L\u00f6schung Ihrer personenbezogenen Daten (Art.\u00a017 DSGVO) oder die Einschr\u00e4nkung der Verarbeitung dieser Daten (Art.\u00a018 DSGVO) verlangen. Das Recht auf L\u00f6schung nach Art.\u00a017 Abs. 1 und 2 DSGVO besteht jedoch unter anderem dann nicht, wenn die Verarbeitung personenbezogener Daten erforderlich ist zur Wahrnehmung einer Aufgabe, die im \u00f6ffentlichen Interesse liegt oder in Aus\u00fcbung \u00f6ffentlicher Gewalt erfolgt (Art.\u00a017 Abs. 3 Buchstabe b DSGVO).<br \/>\n&#8211; Falls Sie in die Verarbeitung eingewilligt haben und die Verarbeitung auf dieser Einwilligung beruht, k\u00f6nnen Sie die Einwilligung jederzeit f\u00fcr die Zukunft widerrufen. Die Rechtm\u00e4\u00dfigkeit der aufgrund der Einwilligung bis zum Widerruf erfolgten Datenverarbeitung wird durch diesen nicht ber\u00fchrt.<br \/>\n&#8211; Aus Gr\u00fcnden, die sich aus Ihrer besonderen Situation ergeben, k\u00f6nnen Sie der Verarbeitung Sie betreffender personenbezogener Daten durch uns zudem jederzeit widersprechen (Art.\u00a021 DSGVO). Sofern die gesetzlichen Voraussetzungen vorliegen, verarbeiten wir in der Folge Ihre personenbezogenen Daten nicht mehr. <\/p>\n<p>Weitere Einschr\u00e4nkungen, Modifikationen und gegebenenfalls Ausschl\u00fcsse der vorgenannten Rechte k\u00f6nnen sich aus der Datenschutz-Grundverordnung oder nationalen Rechtsvorschriften ergeben.<br \/>\nAusf\u00fchrlichere Informationen zu diesen Rechten erteilt Ihnen auch unser\/e beh\u00f6rdliche\/r\u2028Datenschutzbeauftragte\/r.<\/p>\n<h3>Beschwerderecht bei der Aufsichtsbeh\u00f6rde<\/h3>\n<p>Weiterhin besteht ein Beschwerderecht beim Bayerischen Landesbeauftragten f\u00fcr den\u2028Datenschutz. Diesen k\u00f6nnen Sie unter folgenden Kontaktdaten erreichen:<br \/>\nPostanschrift: Postfach 22 12 19, 80502 M\u00fcnchen\u2028<br \/>\nAdresse:\u00a0 Wagm\u00fcllerstra\u00dfe 18, 80538 M\u00fcnchen\u2028<br \/>\nTelefon:\u00a0 089 212672-0\u2028<br \/>\nTelefax:\u00a0 089 212672-50\u2028<\/p>\n<p>Online-Meldung <a href=\"https:\/\/www.datenschutz-bayern.de\/service\/complaint.html\" target=\"_blank\">https:\/\/www.datenschutz-bayern.de\/service\/complaint.html<\/a> <\/p>\n<h3>Technische Umsetzung<\/h3>\n<p>Unser Web-Server wird durch  Host Europe GmbH betrieben. Die von Ihnen im Rahmen des Besuchs unseres Webauftritts \u00fcbermittelten personenbezogenen Daten werden daher in unserem Auftrag durch die Host Europe GmbH verarbeitet:<br \/>\nHost Europe GmbH<br \/>\nHansestra\u00dfe 111<br \/>\n51149, K\u00f6ln<\/p>\n<p>Details entnehmen Sie der Datenschutzerkl\u00e4rung von Host Europe: <a href=\"https:\/\/www.hosteurope.de\/AGB\/Datenschutzerklaerung\/\" target=\"_blank\">https:\/\/www.hosteurope.de\/AGB\/Datenschutzerklaerung\/<\/a>.<\/p>\n<h3>Protokollierung<\/h3>\n<p>Wenn Sie diese oder andere Internetseiten aufrufen, \u00fcbermitteln Sie \u00fcber Ihren Internetbrowser Daten an unseren Webserver. Die folgenden Daten werden w\u00e4hrend einer laufenden Verbindung zur Kommunikation zwischen Ihrem Internetbrowser und unserem Webserver aufgezeichnet:<br \/>\n&#8211; Browsertyp und Browserversion<br \/>\n&#8211; verwendetes Betriebssystem<br \/>\n&#8211; Referrer URL<br \/>\n&#8211; Hostname des zugreifenden Rechners<br \/>\n&#8211; Uhrzeit der Serveranfrage<br \/>\n&#8211; IP-Adresse<\/p>\n<p>Aus Gr\u00fcnden der technischen Sicherheit, insbesondere zur Abwehr von Angriffsversuchen auf unseren Webserver, werden diese Daten von uns gespeichert. Nach sp\u00e4testens sieben Tagen werden die Daten durch Verk\u00fcrzung der IP-Adresse auf Domain-Ebene anonymisiert, so dass es nicht mehr m\u00f6glich ist, einen Bezug zu einzelnen Nutzern herzustellen.\u00a0<br \/>\nZur Abwehr von Gefahren f\u00fcr die Sicherheit in der Informationstechnik kann das Landesamt f\u00fcr Sicherheit in der Informationstechnik diese Daten auf Grundlage von Art. 44 BayDiG erheben und automatisiert auswerten.<\/p>\n<h3>Sichere Daten\u00fcbertragung\u2028<\/h3>\n<p>Mit Aufruf dieses Informationsangebots bieten wir eine mit HTTPS und Perfect Forward Secrecy verschl\u00fcsselte Verbindung mit dem Verschl\u00fcsselungsprotokoll TLS 1.2 an, sodass Ihre Daten bei der Daten\u00fcbertragung vor einer Kenntnisnahme durch Dritte gesch\u00fctzt sind. Wir empfehlen Ihnen, Ihren Internetbrowser zur Nutzung dieser M\u00f6glichkeit aktuell zu halten.<\/p>\n<h3>Cookies<\/h3>\n<p>Zur korrekten technischen und funktionellen Bereitstellung dieses Informationsangebots verwenden wir Cookies. Cookies sind kleine Textdateien, die auf dem von Ihnen verwendeten Ger\u00e4t gespeichert werden.<br \/>\nRechtsgrundlage f\u00fcr die Speicherung von Informationen sowie die Verarbeitung personenbezogener Daten mittels Cookies ist \u00a7\u00a025 TDDDG.<br \/>\nDie Verwendung funktionaler Cookies ist freiwillig. Wenn diese Cookies blockiert werden, ist die Bereitstellung bestimmter Funktionen ggf. nicht in vollem Umfang m\u00f6glich.<br \/>\nTechnisch notwendige Cookies sind nur f\u00fcr die jeweils aktuelle Sitzung g\u00fcltig und werden automatisch gel\u00f6scht, sobald Sie Ihren Browser schlie\u00dfen.<\/p>\n<p>Sie k\u00f6nnen Ihren Browser so einstellen, dass Sie \u00fcber das Setzen von Cookies informiert werden und Cookies nur im Einzelfall erlauben, die Annahme von Cookies f\u00fcr bestimmte F\u00e4lle oder generell ausschlie\u00dfen sowie das automatische L\u00f6schen der Cookies beim Schlie\u00dfen des Browsers aktivieren. Bei der Deaktivierung von Cookies kann die Funktionalit\u00e4t dieser Website eingeschr\u00e4nkt sein.<\/p>\n<h3>Cookie-Einwilligung mit Borlabs Cookie<\/h3>\n<p>Unsere Website nutzt die Cookie-Consent-Technologie von Borlabs Cookie, um Ihre Einwilligung zur Speicherung bestimmter Cookies in Ihrem Browser einzuholen und diese datenschutzkonform zu dokumentieren. Anbieter dieser Technologie ist Borlabs &#8211; Benjamin A. Bornschein, Georg-Wilhelm-Str. 17, 21107 Hamburg (im Folgenden Borlabs).<\/p>\n<p>Wenn Sie unsere Website betreten, wird ein Borlabs-Cookie in Ihrem Browser gespeichert, in dem die von Ihnen erteilten Einwilligungen oder der Widerruf dieser Einwilligungen gespeichert werden. Diese Daten werden nicht an den Anbieter von Borlabs Cookie weitergegeben.<\/p>\n<p>Die erfassten Daten werden gespeichert, bis Sie uns zur L\u00f6schung auffordern bzw. das Borlabs-Cookie selbst l\u00f6schen oder der Zweck f\u00fcr die Datenspeicherung entf\u00e4llt. Zwingende gesetzliche Aufbewahrungsfristen bleiben unber\u00fchrt. Details zur Datenverarbeitung von Borlabs Cookie finden Sie unter <a href=\"https:\/\/de.borlabs.io\/kb\/welche-daten-speichert-borlabs-cookie\/\" target=\"_blank\" rel=\"noopener noreferrer\">https:\/\/de.borlabs.io\/kb\/welche-daten-speichert-borlabs-cookie\/<\/a><\/p>\n<p>Der Einsatz der Borlabs-Cookie-Consent-Technologie erfolgt, um die gesetzlich vorgeschriebenen Einwilligungen f\u00fcr den Einsatz von Cookies einzuholen. Rechtsgrundlage hierf\u00fcr ist Art. 6 Abs. 1 S. 1 lit. c DSGVO.<\/p>\n<h3>Ihre Cookie-Einstellung<\/h3>\n<p><a href=\"#\" class=\"_brlbs-btn-cookie-preference borlabs-cookie-preference\">Cookie Einstellungen \u00e4ndern<\/a><\/p>\n<h3>Ihr Cookie-Auswahl-Verlauf<\/h3>\n<div class=\"BorlabsCookie\" data-borlabs-cookie-consent-history>\n<div class=\"_brlbs-responsive-table\">\n<table class=\"_brlbs-table\">\n<thead>\n<tr>\n<th class=\"_brlbs-table-date\" scope=\"col\">Datum<\/th>\n<th class=\"_brlbs-table-version\" scope=\"col\">Version<\/th>\n<th class=\"_brlbs-table-consents\" scope=\"col\">Einwilligungen<\/th>\n<\/tr>\n<\/thead>\n<\/table>\n<\/div>\n<\/div>\n<h3>Server-Log-Dateien<\/h3>\n<h3>Kontaktformular<\/h3>\n<p>Wenn Sie uns per Kontaktformular Anfragen zukommen lassen, werden Ihre Angaben aus dem Anfrageformular inklusive der von Ihnen dort angegebenen Kontaktdaten zwecks Bearbeitung der Anfrage und f\u00fcr den Fall von Anschlussfragen bei uns gespeichert. Diese Daten geben wir nicht ohne Ihre Einwilligung weiter.<\/p>\n<p>Die Verarbeitung dieser Daten erfolgt auf Grundlage von Art. 6 Abs. 1 lit. b DSGVO, sofern Ihre Anfrage mit der Erf\u00fcllung eines Vertrags zusammenh\u00e4ngt oder zur Durchf\u00fchrung vorvertraglicher Ma\u00dfnahmen erforderlich ist. In allen \u00fcbrigen F\u00e4llen beruht die Verarbeitung auf Ihrer Einwilligung (Art. 6 Abs. 1 lit. a DSGVO) sofern diese abgefragt wurde; die Einwilligung ist jederzeit widerrufbar.<\/p>\n<p>Die von Ihnen im Kontaktformular eingegebenen Daten verbleiben bei uns, bis Sie uns zur L\u00f6schung auffordern, Ihre Einwilligung zur Speicherung widerrufen oder der Zweck f\u00fcr die Datenspeicherung entf\u00e4llt (z.\u00a0B. nach abgeschlossener Bearbeitung Ihrer Anfrage). Zwingende gesetzliche Bestimmungen \u2013 insbesondere Aufbewahrungsfristen \u2013 bleiben unber\u00fchrt.<\/p>\n<h3>Anfrage per E-Mail, Telefon oder Telefax<\/h3>\n<p>Wenn Sie uns per E-Mail, Telefon oder Telefax kontaktieren, wird Ihre Anfrage inklusive aller daraus hervorgehenden personenbezogenen Daten (Name, Anfrage) zum Zwecke der Bearbeitung Ihres Anliegens bei uns gespeichert und verarbeitet. Diese Daten geben wir nicht ohne Ihre Einwilligung weiter.\u2028<\/p>\n<p>Die Verarbeitung dieser Daten erfolgt auf Grundlage von Art. 6 Abs. 1 lit. b DSGVO, sofern Ihre Anfrage mit der Erf\u00fcllung eines Vertrags zusammenh\u00e4ngt oder zur Durchf\u00fchrung vorvertraglicher Ma\u00dfnahmen erforderlich ist. In allen \u00fcbrigen F\u00e4llen beruht die Verarbeitung auf Ihrer Einwilligung (Art. 6 Abs. 1 lit. a DSGVO) sofern diese abgefragt wurde; die Einwilligung ist jederzeit widerrufbar.<\/p>\n<p>Die von Ihnen an uns per Kontaktanfragen \u00fcbersandten Daten verbleiben bei uns, bis Sie uns zur L\u00f6schung auffordern, Ihre Einwilligung zur Speicherung widerrufen oder der Zweck f\u00fcr die Datenspeicherung entf\u00e4llt (z.\u00a0B. nach abgeschlossener Bearbeitung Ihres Anliegens). Zwingende gesetzliche Bestimmungen \u2013 insbesondere gesetzliche Aufbewahrungsfristen \u2013 bleiben unber\u00fchrt.<\/p>\n<h3>Erhebung weiterer Daten<\/h3>\n<p>Soweit Sie in unserem Internetauftritt pers\u00f6nliche oder gesch\u00e4ftliche Daten (E-Mail-Adressen, Namen, Anschriften, etc.) eingeben, werden diese ausschlie\u00dflich f\u00fcr die \u00dcbersendung der gew\u00fcnschten Informationen oder die im Formular genannten Zwecke verwendet. Ihre Daten werden dabei auf dem Transport unter Verwendung einer Software (SSL) verschl\u00fcsselt und sind vor einer Kenntnisnahme durch Dritte gesch\u00fctzt. Die Daten werden nicht an Dritte weitergegeben. Die Nutzung der dort angebotenen Serviceleistungen und Dienste erfolgt auf freiwilliger Basis.<\/p>\n<h3>Verarbeiten von Daten (Kunden- und Vertragsdaten)<\/h3>\n<p>Wir erheben, verarbeiten und nutzen personenbezogene Daten nur, soweit sie f\u00fcr die Begr\u00fcndung, inhaltliche Ausgestaltung oder \u00c4nderung des Rechtsverh\u00e4ltnisses erforderlich sind (Bestandsdaten). Dies erfolgt auf Grundlage von Art. 6 Abs. 1 lit. b DSGVO, der die Verarbeitung von Daten zur Erf\u00fcllung eines Vertrags oder vorvertraglicher Ma\u00dfnahmen gestattet. Personenbezogene Daten \u00fcber die Inanspruchnahme unserer Internetseiten (Nutzungsdaten) erheben, verarbeiten und nutzen wir nur, soweit dies erforderlich ist, um dem Nutzer die Inanspruchnahme des Dienstes zu erm\u00f6glichen oder abzurechnen.<\/p>\n<p>Die erhobenen Kundendaten werden nach Abschluss des Auftrags oder Beendigung der Gesch\u00e4ftsbeziehung gel\u00f6scht. Gesetzliche Aufbewahrungsfristen bleiben unber\u00fchrt.<\/p>\n<h3>Plugins und Tools<\/h3>\n<h3>Google Web Fonts (lokales Hosting)<\/h3>\n<p>Diese Seite nutzt zur einheitlichen Darstellung von Schriftarten so genannte Web Fonts, die von Google bereitgestellt werden. Die Google Fonts sind lokal installiert. Eine Verbindung zu Servern von Google findet dabei nicht statt.<\/p>\n<p>Weitere Informationen zu Google Web Fonts finden Sie unter <a href=\"https:\/\/developers.google.com\/fonts\/faq\" target=\"_blank\" rel=\"noopener\">https:\/\/developers.google.com\/fonts\/faq<\/a> und in der Datenschutzerkl\u00e4rung von Google: <a href=\"https:\/\/www.google.com\/policies\/privacy\/\" target=\"_blank\" rel=\"noopener\">https:\/\/www.google.com\/policies\/privacy\/<\/a>.<\/p>\n<p><!--\n\n<h3>Wordfence<\/h3>\n\n\nWir haben Wordfence auf dieser Website eingebunden. Anbieter ist Defiant Inc., Defiant, Inc., 800 5th Ave Ste 4100, Seattle, WA 98104, USA (nachfolgend \u201eWordfence\u201c).\n\nWordfence dient dem Schutz unserer Website vor unerw\u00fcnschten Zugriffen oder b\u00f6sartigen Cyberattacken. Zu diesem Zweck stellt unsere Website eine dauerhafte Verbindung zu den Servern von Wordfence her, damit Wordfence seine Datenbanken mit den auf unserer Website get\u00e4tigten Zugriffen abgleichen und ggf. blockieren kann.\n\nDie Verwendung von Wordfence erfolgt auf Grundlage von Art. 6 Abs. 1 lit. f DSGVO. Der Websitebetreiber hat ein berechtigtes Interesse an einem m\u00f6glichst effektiven Schutz seiner Website vor Cyberattacken. Sofern eine entsprechende Einwilligung abgefragt wurde, erfolgt die Verarbeitung ausschlie\u00dflich auf Grundlage von Art. 6 Abs. 1 lit. a DSGVO und \u00a7 25 Abs. 1 TTDSG, soweit die Einwilligung die Speicherung von Cookies oder den Zugriff auf Informationen im Endger\u00e4t des Nutzers (z. B. Device-Fingerprinting) im Sinne des TTDSG umfasst. Die Einwilligung ist jederzeit widerrufbar.\n\nDie Daten\u00fcbertragung in die USA wird auf die Standardvertragsklauseln der EU-Kommission gest\u00fctzt. Details finden Sie hier: https:\/\/www.wordfence.com\/help\/general-data-protection-regulation\/.\n\n<strong>Auftragsverarbeitung<\/strong>\nWir haben einen Vertrag \u00fcber Auftragsverarbeitung (AVV) mit dem oben genannten Anbieter geschlossen. Hierbei handelt es sich um einen datenschutzrechtlich vorgeschriebenen Vertrag, der gew\u00e4hrleistet, dass dieser die personenbezogenen Daten unserer Websitebesucher nur nach unseren Weisungen und unter Einhaltung der DSGVO verarbeitet.--><\/p>\n<p>Quelle: <a href=\"https:\/\/www.e-recht24.de\/\" rel=\"noopener\" target=\"_blank\">e-recht24.de<\/a><\/p>\n","protected":false},"excerpt":{"rendered":"<p>Datenschutzerkl\u00e4rung Dem Landratsamt Passau ist Datenschutz ein wichtiges Anliegen. Wir legen deshalb auch bei der mit unserer Aufgabenerf\u00fcllung verbundenen Verarbeitung personenbezogener Daten Wert auf eine datensparsame und b\u00fcrgerfreundliche Datenverarbeitung. Diese Datenschutzerkl\u00e4rung bezieht sich auch auf die Verarbeitung personenbezogener Daten und Informationen im Sinnes des \u00a7\u00a025 TDDDG im Rahmen dieses Internetauftritts, einschlie\u00dflich der dort angebotenen Dienste. &hellip; <a href=\"https:\/\/www.koki-passau.de\/index.php\/datenschutz\/\" class=\"more-link\"><span class=\"screen-reader-text\">Datenschutz<\/span> weiterlesen <span class=\"meta-nav\">&rarr;<\/span><\/a><\/p>\n","protected":false},"author":1,"featured_media":0,"parent":0,"menu_order":0,"comment_status":"closed","ping_status":"closed","template":"","meta":{"footnotes":""},"class_list":["post-311","page","type-page","status-publish","hentry"],"yoast_head":"<!-- This site is optimized with the Yoast SEO plugin v25.9 - https:\/\/yoast.com\/wordpress\/plugins\/seo\/ -->\n<title>Datenschutz - KoKi Passau<\/title>\n<meta name=\"robots\" content=\"index, follow, max-snippet:-1, max-image-preview:large, max-video-preview:-1\" \/>\n<link rel=\"canonical\" href=\"https:\/\/www.koki-passau.de\/index.php\/datenschutz\/\" \/>\n<meta property=\"og:locale\" content=\"de_DE\" \/>\n<meta property=\"og:type\" content=\"article\" \/>\n<meta property=\"og:title\" content=\"Datenschutz - KoKi Passau\" \/>\n<meta property=\"og:description\" content=\"Datenschutzerkl\u00e4rung Dem Landratsamt Passau ist Datenschutz ein wichtiges Anliegen. Wir legen deshalb auch bei der mit unserer Aufgabenerf\u00fcllung verbundenen Verarbeitung personenbezogener Daten Wert auf eine datensparsame und b\u00fcrgerfreundliche Datenverarbeitung. Diese Datenschutzerkl\u00e4rung bezieht sich auch auf die Verarbeitung personenbezogener Daten und Informationen im Sinnes des \u00a7\u00a025 TDDDG im Rahmen dieses Internetauftritts, einschlie\u00dflich der dort angebotenen Dienste. &hellip; Datenschutz weiterlesen &rarr;\" \/>\n<meta property=\"og:url\" content=\"https:\/\/www.koki-passau.de\/index.php\/datenschutz\/\" \/>\n<meta property=\"og:site_name\" content=\"KoKi Passau\" \/>\n<meta property=\"article:modified_time\" content=\"2026-02-03T07:35:37+00:00\" \/>\n<meta name=\"twitter:card\" content=\"summary_large_image\" \/>\n<meta name=\"twitter:label1\" content=\"Gesch\u00e4tzte Lesezeit\" \/>\n\t<meta name=\"twitter:data1\" content=\"11\u00a0Minuten\" \/>\n<script type=\"application\/ld+json\" class=\"yoast-schema-graph\">{\"@context\":\"https:\/\/schema.org\",\"@graph\":[{\"@type\":\"WebPage\",\"@id\":\"https:\/\/www.koki-passau.de\/index.php\/datenschutz\/\",\"url\":\"https:\/\/www.koki-passau.de\/index.php\/datenschutz\/\",\"name\":\"Datenschutz - KoKi Passau\",\"isPartOf\":{\"@id\":\"https:\/\/www.koki-passau.de\/#website\"},\"datePublished\":\"2016-08-26T09:20:50+00:00\",\"dateModified\":\"2026-02-03T07:35:37+00:00\",\"breadcrumb\":{\"@id\":\"https:\/\/www.koki-passau.de\/index.php\/datenschutz\/#breadcrumb\"},\"inLanguage\":\"de\",\"potentialAction\":[{\"@type\":\"ReadAction\",\"target\":[\"https:\/\/www.koki-passau.de\/index.php\/datenschutz\/\"]}]},{\"@type\":\"BreadcrumbList\",\"@id\":\"https:\/\/www.koki-passau.de\/index.php\/datenschutz\/#breadcrumb\",\"itemListElement\":[{\"@type\":\"ListItem\",\"position\":1,\"name\":\"Home\",\"item\":\"https:\/\/www.koki-passau.de\/\"},{\"@type\":\"ListItem\",\"position\":2,\"name\":\"Datenschutz\"}]},{\"@type\":\"WebSite\",\"@id\":\"https:\/\/www.koki-passau.de\/#website\",\"url\":\"https:\/\/www.koki-passau.de\/\",\"name\":\"KoKi Passau\",\"description\":\"Die Koordinierenden Kinderschutzstellen\",\"potentialAction\":[{\"@type\":\"SearchAction\",\"target\":{\"@type\":\"EntryPoint\",\"urlTemplate\":\"https:\/\/www.koki-passau.de\/?s={search_term_string}\"},\"query-input\":{\"@type\":\"PropertyValueSpecification\",\"valueRequired\":true,\"valueName\":\"search_term_string\"}}],\"inLanguage\":\"de\"}]}<\/script>\n<!-- \/ Yoast SEO plugin. -->","yoast_head_json":{"title":"Datenschutz - KoKi Passau","robots":{"index":"index","follow":"follow","max-snippet":"max-snippet:-1","max-image-preview":"max-image-preview:large","max-video-preview":"max-video-preview:-1"},"canonical":"https:\/\/www.koki-passau.de\/index.php\/datenschutz\/","og_locale":"de_DE","og_type":"article","og_title":"Datenschutz - KoKi Passau","og_description":"Datenschutzerkl\u00e4rung Dem Landratsamt Passau ist Datenschutz ein wichtiges Anliegen. Wir legen deshalb auch bei der mit unserer Aufgabenerf\u00fcllung verbundenen Verarbeitung personenbezogener Daten Wert auf eine datensparsame und b\u00fcrgerfreundliche Datenverarbeitung. Diese Datenschutzerkl\u00e4rung bezieht sich auch auf die Verarbeitung personenbezogener Daten und Informationen im Sinnes des \u00a7\u00a025 TDDDG im Rahmen dieses Internetauftritts, einschlie\u00dflich der dort angebotenen Dienste. &hellip; Datenschutz weiterlesen &rarr;","og_url":"https:\/\/www.koki-passau.de\/index.php\/datenschutz\/","og_site_name":"KoKi Passau","article_modified_time":"2026-02-03T07:35:37+00:00","twitter_card":"summary_large_image","twitter_misc":{"Gesch\u00e4tzte Lesezeit":"11\u00a0Minuten"},"schema":{"@context":"https:\/\/schema.org","@graph":[{"@type":"WebPage","@id":"https:\/\/www.koki-passau.de\/index.php\/datenschutz\/","url":"https:\/\/www.koki-passau.de\/index.php\/datenschutz\/","name":"Datenschutz - KoKi Passau","isPartOf":{"@id":"https:\/\/www.koki-passau.de\/#website"},"datePublished":"2016-08-26T09:20:50+00:00","dateModified":"2026-02-03T07:35:37+00:00","breadcrumb":{"@id":"https:\/\/www.koki-passau.de\/index.php\/datenschutz\/#breadcrumb"},"inLanguage":"de","potentialAction":[{"@type":"ReadAction","target":["https:\/\/www.koki-passau.de\/index.php\/datenschutz\/"]}]},{"@type":"BreadcrumbList","@id":"https:\/\/www.koki-passau.de\/index.php\/datenschutz\/#breadcrumb","itemListElement":[{"@type":"ListItem","position":1,"name":"Home","item":"https:\/\/www.koki-passau.de\/"},{"@type":"ListItem","position":2,"name":"Datenschutz"}]},{"@type":"WebSite","@id":"https:\/\/www.koki-passau.de\/#website","url":"https:\/\/www.koki-passau.de\/","name":"KoKi Passau","description":"Die Koordinierenden Kinderschutzstellen","potentialAction":[{"@type":"SearchAction","target":{"@type":"EntryPoint","urlTemplate":"https:\/\/www.koki-passau.de\/?s={search_term_string}"},"query-input":{"@type":"PropertyValueSpecification","valueRequired":true,"valueName":"search_term_string"}}],"inLanguage":"de"}]}},"_links":{"self":[{"href":"https:\/\/www.koki-passau.de\/index.php\/wp-json\/wp\/v2\/pages\/311","targetHints":{"allow":["GET"]}}],"collection":[{"href":"https:\/\/www.koki-passau.de\/index.php\/wp-json\/wp\/v2\/pages"}],"about":[{"href":"https:\/\/www.koki-passau.de\/index.php\/wp-json\/wp\/v2\/types\/page"}],"author":[{"embeddable":true,"href":"https:\/\/www.koki-passau.de\/index.php\/wp-json\/wp\/v2\/users\/1"}],"replies":[{"embeddable":true,"href":"https:\/\/www.koki-passau.de\/index.php\/wp-json\/wp\/v2\/comments?post=311"}],"version-history":[{"count":19,"href":"https:\/\/www.koki-passau.de\/index.php\/wp-json\/wp\/v2\/pages\/311\/revisions"}],"predecessor-version":[{"id":847,"href":"https:\/\/www.koki-passau.de\/index.php\/wp-json\/wp\/v2\/pages\/311\/revisions\/847"}],"wp:attachment":[{"href":"https:\/\/www.koki-passau.de\/index.php\/wp-json\/wp\/v2\/media?parent=311"}],"curies":[{"name":"wp","href":"https:\/\/api.w.org\/{rel}","templated":true}]}}